{"id":427,"date":"2020-10-26T12:43:11","date_gmt":"2020-10-26T10:43:11","guid":{"rendered":"https:\/\/simonyi.kre.hu\/?page_id=427"},"modified":"2021-12-03T21:10:32","modified_gmt":"2021-12-03T20:10:32","slug":"jelentkezes-a-versenyre","status":"publish","type":"page","link":"https:\/\/simonyi.kre.hu\/?page_id=427","title":{"rendered":"Regisztr\u00e1ci\u00f3 2020\/21"},"content":{"rendered":"\n<p>\u00d6n itt tud jelentkezni int\u00e9zm\u00e9ny\u00e9nek k\u00e9pviselet\u00e9ben a 2020\/21. tan\u00e9vre meghirdetett <br>XXIV.  Simonyi Zsigmond K\u00e1rp\u00e1t-medencei helyes\u00edr\u00e1si versenyre.<br><br>A jelentkez\u00e9si fel\u00fclet 2020. november 15-\u00e9n ny\u00edlik meg, \u00e9s 2021. janu\u00e1r 10-\u00e9n z\u00e1rul.<\/p>\n\n\n\n<p>K\u00e9rj\u00fck, felt\u00e9tlen\u00fcl jelentkezzen be a rendszerbe. Regisztr\u00e1ci\u00f3 n\u00e9lk\u00fcl a tanul\u00f3k nem tudnak r\u00e9szt venni az online versenyen.<\/p>\n\n\n\n<p>V\u00e1lasszon az al\u00e1bbi lehet\u0151s\u00e9gek k\u00f6z\u00fcl!<\/p>\n\n\n\n<div class=\"wp-block-group\"><div class=\"wp-block-group__inner-container is-layout-flow wp-block-group-is-layout-flow\">\n<p><strong>&#8211; <\/strong>Magyarorsz\u00e1gi int\u00e9zm\u00e9ny<br><strong>&#8211; <\/strong>Hat\u00e1ron t\u00fali int\u00e9zm\u00e9ny: Erd\u00e9ly<br><strong>&#8211; <\/strong>Hat\u00e1ron t\u00fali int\u00e9zm\u00e9ny: Felvid\u00e9k<br><strong>&#8211; <\/strong>Hat\u00e1ron t\u00fali int\u00e9zm\u00e9ny: K\u00e1rp\u00e1talja<br><strong>&#8211; <\/strong>Hat\u00e1ron t\u00fali int\u00e9zm\u00e9ny: Vajdas\u00e1g<br><strong>&#8211; <\/strong>M\u00e1s k\u00fclf\u00f6ldi, magyar int\u00e9zm\u00e9ny<\/p>\n\n\n\n<p><\/p>\n<\/div><\/div>\n\n\n\n<div class=\"wp-block-group\"><div class=\"wp-block-group__inner-container is-layout-flow wp-block-group-is-layout-flow\">\n<p><\/p>\n\n\n\n<div class=\"wp-block-group\"><div class=\"wp-block-group__inner-container is-layout-flow wp-block-group-is-layout-flow\">\n<p><br><strong>Adatv\u00e9delem<\/strong><br>Inform\u00e1ci\u00f3<br>Hozz\u00e1j\u00e1rul\u00f3 nyilatkozat szem\u00e9lyes adatok kezel\u00e9s\u00e9hez tan\u00e1roknak<br>Hozz\u00e1j\u00e1rul\u00f3 nyilatkozat szem\u00e9lyes adatok kezel\u00e9s\u00e9hez tanul\u00f3knak<\/p>\n<\/div><\/div>\n<\/div><\/div>\n\n\n\n<p><\/p>\n","protected":false},"excerpt":{"rendered":"<p>\u00d6n itt tud jelentkezni int\u00e9zm\u00e9ny\u00e9nek k\u00e9pviselet\u00e9ben a 2020\/21. tan\u00e9vre meghirdetett XXIV. Simonyi Zsigmond K\u00e1rp\u00e1t-medencei helyes\u00edr\u00e1si versenyre. A jelentkez\u00e9si fel\u00fclet 2020. november 15-\u00e9n ny\u00edlik meg, \u00e9s 2021. janu\u00e1r 10-\u00e9n z\u00e1rul. K\u00e9rj\u00fck, felt\u00e9tlen\u00fcl jelentkezzen be a rendszerbe. Regisztr\u00e1ci\u00f3 n\u00e9lk\u00fcl a tanul\u00f3k nem tudnak r\u00e9szt venni az online versenyen. V\u00e1lasszon az al\u00e1bbi lehet\u0151s\u00e9gek k\u00f6z\u00fcl! &#8211; Magyarorsz\u00e1gi int\u00e9zm\u00e9ny&#8211; Hat\u00e1ron &hellip; <\/p>\n<p class=\"link-more\"><a href=\"https:\/\/simonyi.kre.hu\/?page_id=427\" class=\"more-link\"><span class=\"screen-reader-text\">&#8222;Regisztr\u00e1ci\u00f3 2020\/21&#8221;<\/span> b\u0151vebben<\/a><\/p>\n","protected":false},"author":3,"featured_media":0,"parent":0,"menu_order":0,"comment_status":"closed","ping_status":"closed","template":"","meta":{"footnotes":""},"class_list":["post-427","page","type-page","status-publish","hentry"],"_links":{"self":[{"href":"https:\/\/simonyi.kre.hu\/index.php?rest_route=\/wp\/v2\/pages\/427","targetHints":{"allow":["GET"]}}],"collection":[{"href":"https:\/\/simonyi.kre.hu\/index.php?rest_route=\/wp\/v2\/pages"}],"about":[{"href":"https:\/\/simonyi.kre.hu\/index.php?rest_route=\/wp\/v2\/types\/page"}],"author":[{"embeddable":true,"href":"https:\/\/simonyi.kre.hu\/index.php?rest_route=\/wp\/v2\/users\/3"}],"replies":[{"embeddable":true,"href":"https:\/\/simonyi.kre.hu\/index.php?rest_route=%2Fwp%2Fv2%2Fcomments&post=427"}],"version-history":[{"count":53,"href":"https:\/\/simonyi.kre.hu\/index.php?rest_route=\/wp\/v2\/pages\/427\/revisions"}],"predecessor-version":[{"id":1165,"href":"https:\/\/simonyi.kre.hu\/index.php?rest_route=\/wp\/v2\/pages\/427\/revisions\/1165"}],"wp:attachment":[{"href":"https:\/\/simonyi.kre.hu\/index.php?rest_route=%2Fwp%2Fv2%2Fmedia&parent=427"}],"curies":[{"name":"wp","href":"https:\/\/api.w.org\/{rel}","templated":true}]}}