{"id":2743,"date":"2025-11-19T14:40:57","date_gmt":"2025-11-19T13:40:57","guid":{"rendered":"https:\/\/simonyi.kre.hu\/?page_id=2743"},"modified":"2026-01-27T07:32:46","modified_gmt":"2026-01-27T06:32:46","slug":"regisztracio-2025-2026","status":"publish","type":"page","link":"https:\/\/simonyi.kre.hu\/?page_id=2743","title":{"rendered":"Regisztr\u00e1ci\u00f3 2025\/26"},"content":{"rendered":"\n<p>\u00d6n itt tud jelentkezni int\u00e9zm\u00e9ny\u00e9nek k\u00e9pviselet\u00e9ben a 2025\/26. tan\u00e9vre meghirdetett XXIX.&nbsp;Simonyi Zsigmond K\u00e1rp\u00e1t-medencei helyes\u00edr\u00e1si versenyre.<\/p>\n\n\n\n<p><strong>A jelentkez\u00e9si fel\u00fclet 2025. november 20-\u00e1n ny\u00edlik meg, \u00e9s 2026. janu\u00e1r 20-\u00e1n z\u00e1rul.<\/strong><\/p>\n\n\n\n<p>K\u00e9rj\u00fck, felt\u00e9tlen\u00fcl jelentkezzen be a rendszerbe. Regisztr\u00e1ci\u00f3 n\u00e9lk\u00fcl a tanul\u00f3k nem tudnak<br>r\u00e9szt venni az online versenyen. A regisztr\u00e1ci\u00f3 megkezd\u00e9se el\u0151tt felt\u00e9tlen\u00fcl olvassa el a K\u00e1roli G\u00e1sp\u00e1r Reform\u00e1tus Egyetem Simonyi-versenyre vonatkoz\u00f3 adatkezel\u00e9si t\u00e1j\u00e9koztat\u00f3j\u00e1t! <br>Ne felejtse el kit\u00f6lteni a hozz\u00e1j\u00e1rul\u00f3 nyilatkozatokat! A nyilatkozatokkal kapcsolatos r\u00e9szleteket az&nbsp;<strong>Adatv\u00e9delem<\/strong> alatt az&nbsp;<strong>Inform\u00e1ci\u00f3&nbsp;<\/strong>dokumentumban tal\u00e1lja.<\/p>\n\n\n\n<p class=\"has-vivid-red-color has-text-color has-link-color wp-elements-2a1e44dfac0eaab42c927f46a9843e46\"><strong>Regisztr\u00e1ci\u00f3<\/strong><\/p>\n\n\n\n<p><strong>Adatv\u00e9delem<\/strong><br><a href=\"https:\/\/simonyi.kre.hu\/wp-content\/uploads\/2023\/10\/informacio_adatvedelem_2023-24.pdf\" target=\"_blank\" rel=\"noreferrer noopener\">Inform\u00e1ci\u00f3<\/a><br><a href=\"https:\/\/portal.kre.hu\/images\/adatvedelem\/2022\/Adatkezelesi-tajekoztato-Simonyi_Zsigmond_Karpat-medencei_helyesirasi_verseny.pdf\" target=\"_blank\" rel=\"noreferrer noopener\">Adatkezel\u00e9si t\u00e1j\u00e9koztat\u00f3<\/a><br><a href=\"https:\/\/simonyi.kre.hu\/wp-content\/uploads\/2022\/09\/Hozzajarulo-nyilatkozat-szemelyes-adatok-kezelesehez-tanaroknak.pdf\" target=\"_blank\" rel=\"noreferrer noopener\">Hozz\u00e1j\u00e1rul\u00f3 nyilatkozat szem\u00e9lyes adatok kezel\u00e9s\u00e9hez tan\u00e1roknak<\/a><br><a href=\"https:\/\/simonyi.kre.hu\/wp-content\/uploads\/2022\/09\/Hozzajarulo-nyilatkozat-szemelyes-adatok-kezelesehez-tanuloknak.pdf\" target=\"_blank\" rel=\"noreferrer noopener\">Hozz\u00e1j\u00e1rul\u00f3 nyilatkozat szem\u00e9lyes adatok kezel\u00e9s\u00e9hez tanul\u00f3knak<\/a><\/p>\n\n\n\n<p><\/p>\n","protected":false},"excerpt":{"rendered":"<p>\u00d6n itt tud jelentkezni int\u00e9zm\u00e9ny\u00e9nek k\u00e9pviselet\u00e9ben a 2025\/26. tan\u00e9vre meghirdetett XXIX.&nbsp;Simonyi Zsigmond K\u00e1rp\u00e1t-medencei helyes\u00edr\u00e1si versenyre. A jelentkez\u00e9si fel\u00fclet 2025. november 20-\u00e1n ny\u00edlik meg, \u00e9s 2026. janu\u00e1r 20-\u00e1n z\u00e1rul. K\u00e9rj\u00fck, felt\u00e9tlen\u00fcl jelentkezzen be a rendszerbe. Regisztr\u00e1ci\u00f3 n\u00e9lk\u00fcl a tanul\u00f3k nem tudnakr\u00e9szt venni az online versenyen. A regisztr\u00e1ci\u00f3 megkezd\u00e9se el\u0151tt felt\u00e9tlen\u00fcl olvassa el a K\u00e1roli G\u00e1sp\u00e1r Reform\u00e1tus &hellip; <\/p>\n<p class=\"link-more\"><a href=\"https:\/\/simonyi.kre.hu\/?page_id=2743\" class=\"more-link\"><span class=\"screen-reader-text\">&#8222;Regisztr\u00e1ci\u00f3 2025\/26&#8221;<\/span> b\u0151vebben<\/a><\/p>\n","protected":false},"author":2,"featured_media":0,"parent":0,"menu_order":0,"comment_status":"closed","ping_status":"closed","template":"","meta":{"footnotes":""},"class_list":["post-2743","page","type-page","status-publish","hentry"],"_links":{"self":[{"href":"https:\/\/simonyi.kre.hu\/index.php?rest_route=\/wp\/v2\/pages\/2743","targetHints":{"allow":["GET"]}}],"collection":[{"href":"https:\/\/simonyi.kre.hu\/index.php?rest_route=\/wp\/v2\/pages"}],"about":[{"href":"https:\/\/simonyi.kre.hu\/index.php?rest_route=\/wp\/v2\/types\/page"}],"author":[{"embeddable":true,"href":"https:\/\/simonyi.kre.hu\/index.php?rest_route=\/wp\/v2\/users\/2"}],"replies":[{"embeddable":true,"href":"https:\/\/simonyi.kre.hu\/index.php?rest_route=%2Fwp%2Fv2%2Fcomments&post=2743"}],"version-history":[{"count":4,"href":"https:\/\/simonyi.kre.hu\/index.php?rest_route=\/wp\/v2\/pages\/2743\/revisions"}],"predecessor-version":[{"id":2769,"href":"https:\/\/simonyi.kre.hu\/index.php?rest_route=\/wp\/v2\/pages\/2743\/revisions\/2769"}],"wp:attachment":[{"href":"https:\/\/simonyi.kre.hu\/index.php?rest_route=%2Fwp%2Fv2%2Fmedia&parent=2743"}],"curies":[{"name":"wp","href":"https:\/\/api.w.org\/{rel}","templated":true}]}}