{"id":2454,"date":"2024-11-05T22:51:33","date_gmt":"2024-11-05T21:51:33","guid":{"rendered":"https:\/\/simonyi.kre.hu\/?page_id=2454"},"modified":"2025-03-24T12:04:59","modified_gmt":"2025-03-24T11:04:59","slug":"versenykiiras-2024-25","status":"publish","type":"page","link":"https:\/\/simonyi.kre.hu\/?page_id=2454","title":{"rendered":"Versenyki\u00edr\u00e1s 2024\/25"},"content":{"rendered":"\n<p><strong>2024\/25-\u00f6s tan\u00e9v<\/strong><\/p>\n\n\n\n<p><a href=\"https:\/\/simonyi.kre.hu\/wp-content\/uploads\/2025\/03\/simonyi_versenykiiras_2024-2025.pdf\">PDF megnyit\u00e1sa<\/a><\/p>\n\n\n<a href=\"https:\/\/simonyi.kre.hu\/wp-content\/uploads\/2025\/03\/simonyi_versenykiiras_2024-2025.pdf\" class=\"pdfemb-viewer\" style=\"\" data-width=\"max\" data-height=\"max\" data-toolbar=\"bottom\" data-toolbar-fixed=\"off\">simonyi_versenykiiras_2024-2025<\/a>\n\n\n<p><\/p>\n","protected":false},"excerpt":{"rendered":"<p>2024\/25-\u00f6s tan\u00e9v PDF megnyit\u00e1sa<\/p>\n","protected":false},"author":2,"featured_media":0,"parent":0,"menu_order":0,"comment_status":"closed","ping_status":"closed","template":"","meta":{"footnotes":""},"class_list":["post-2454","page","type-page","status-publish","hentry"],"_links":{"self":[{"href":"https:\/\/simonyi.kre.hu\/index.php?rest_route=\/wp\/v2\/pages\/2454","targetHints":{"allow":["GET"]}}],"collection":[{"href":"https:\/\/simonyi.kre.hu\/index.php?rest_route=\/wp\/v2\/pages"}],"about":[{"href":"https:\/\/simonyi.kre.hu\/index.php?rest_route=\/wp\/v2\/types\/page"}],"author":[{"embeddable":true,"href":"https:\/\/simonyi.kre.hu\/index.php?rest_route=\/wp\/v2\/users\/2"}],"replies":[{"embeddable":true,"href":"https:\/\/simonyi.kre.hu\/index.php?rest_route=%2Fwp%2Fv2%2Fcomments&post=2454"}],"version-history":[{"count":6,"href":"https:\/\/simonyi.kre.hu\/index.php?rest_route=\/wp\/v2\/pages\/2454\/revisions"}],"predecessor-version":[{"id":2577,"href":"https:\/\/simonyi.kre.hu\/index.php?rest_route=\/wp\/v2\/pages\/2454\/revisions\/2577"}],"wp:attachment":[{"href":"https:\/\/simonyi.kre.hu\/index.php?rest_route=%2Fwp%2Fv2%2Fmedia&parent=2454"}],"curies":[{"name":"wp","href":"https:\/\/api.w.org\/{rel}","templated":true}]}}